= -2*h - 2*c + 378, -626 - 301 = -5*h + p*c. Calculate the greatest common divisor of h and 11.
11
Let p(f) = f**2 - 20*f + 98. Let m be p(12). Suppose -50 = -4*w - m*k, 5*w + k + 2*k - 61 = 0. Calculate the highest common factor of w and 217.
7
Let t(i) = -11 + 40 + 2*i - 13 - 8. Let z be t(0). Suppose -z*w + 44 + 60 = 0. Calculate the highest common factor of w and 52.
13
Let n(d) = d**3 - d**2 + d - 515. Let h be n(0). Let o be (-2434)/(-30) + (h/(-75) - 7). Calculate the greatest common divisor of o and 6.
3
Let p be (-34789)/(-19) + (-3 - -15). Calculate the greatest common divisor of p and 1358.
97
Suppose -r - 5*q = -3*r - 24, 18 = 4*r + q. Let d(i) = 32*i**3 + i**2 + i - 1. Let w be d(1). What is the greatest common divisor of w and r?
3
Let o be (-4)/(-12) - ((-1306)/3)/2. Suppose -o = -9*y - 29. Let p be ((-7)/(-2))/(1/54). What is the highest common divisor of y and p?
21
Suppose 53*c - 50*c + 21 = 0. Let d be 9/2*(-19 - c). Let o = d - -93. Calculate the highest common factor of 26 and o.
13
Suppose 15*i = 5118 - 273. Let j = 393 - i. Calculate the highest common factor of 245 and j.
35
Let a be -2*3/8*(-4)/1. Suppose m = -a*j + 59, -7*j - 57 = -m - 11*j. Calculate the greatest common divisor of m and 455.
65
Let u(b) = 3*b - 3. Let a be u(8). Let k = -245 - -248. Suppose i + 3*j = 144, k*i - 2*i + 5*j = 142. Calculate the greatest common divisor of a and i.
21
Let g = 1558 + -118. Let f be (-6)/(3/(-7)*252/g). Suppose -l = -3*l + 64. What is the highest common divisor of f and l?
16
Let f = -25 + 35. Suppose f*i + 85 - 625 = 0. What is the greatest common factor of i and 2?
2
Let c be (2/(40/(-35)))/(-7*4/1120). Calculate the greatest common divisor of 63 and c.
7
Suppose 195 = -32*u + 867. Let a be 45/(-39) + 4/26. Let m be a*3*(-1 + 0). What is the greatest common factor of m and u?
3
Suppose 5*o = r + 23, 3*r + 25 = 6*o - 2*o. Suppose -7*u + o*u + 242 = -2*j, -3*u + 241 = -j. What is the greatest common factor of 180 and u?
20
Let x = 1179 + -620. Calculate the highest common divisor of x and 52.
13
Let g(i) = 808*i + 10525. Let d be g(-13). What is the highest common divisor of d and 2403?
3
Let p = 14 - 9. Suppose p*z - 25 = -5*b, 0*b - 5*b + 4*z - 2 = 0. Suppose -b*x + 5*f + 6 = -3, -3*x + 4 = 2*f. Calculate the highest common divisor of 22 and x.
2
Let t(y) = y**3 + 17*y**2 - 11*y - 162. Let v be t(-16). Calculate the highest common factor of 5 and v.
5
Let z(w) = 70*w**2 + 71*w - 410. Let q be z(10). What is the greatest common divisor of q and 100?
100
Let w(g) = -g**3 + 187*g**2 - 902*g - 466. Let l be w(182). What is the highest common divisor of l and 792?
198
Let y = -12 + 42. Suppose -k + y = 14*k. Calculate the highest common divisor of k and 106.
2
Let k = 501 + -501. Suppose k = 6*w + 542 - 2756. Calculate the highest common divisor of w and 9.
9
Suppose -1013*f + 1012*f - 21 = -5*i, -2*f = 3*i - 23. Calculate the highest common divisor of i and 14545.
5
Let z(a) = -143*a + 117. Let x be z(-4). Let u be x + (9 - 8 - -3). Calculate the highest common divisor of 77 and u.
77
Suppose 3*l + 5*y - 34 = 0, -5*y = 1 - 26. Suppose l*r + 5*r - 880 = 0. What is the greatest common divisor of r and 22?
22
Let h(z) = 22*z + 93 - 44 - z**2 - 66 - 30. Let y be h(13). Suppose 6*i + 14 - 74 = 0. Calculate the greatest common divisor of i and y.
10
Suppose -5*d - 144 = -7*d. Let k(r) = 3*r**2 - 8*r + 5. Let z be k(5). Suppose -50 - z = -5*n. Calculate the highest common factor of n and d.
18
Suppose a + b = 18, -b - 2*b + 12 = 0. Suppose 2*q - 74 = -5*p, -67*p = -63*p + 3*q - 62. What is the greatest common divisor of p and a?
14
Let l(t) = 8*t + 927. Let p be l(-45). What is the greatest common factor of 4599 and p?
63
Suppose 3*s + 2*v = -545 + 1862, -v - 1308 = -3*s. What is the greatest common factor of s and 171?
19
Suppose 6*p - 584 = 52. Calculate the highest common divisor of p and 2650.
106
Let z = 22 - 25. Let q be (40/z)/(-4)*(-12)/(-10). Suppose k - 36 = -q*p, -2*p = 2*k - 4*k + 62. Calculate the greatest common divisor of k and 32.
32
Suppose 2*p - 4*f = 75 + 61, p - 76 = -2*f. Suppose 4*g = n + 164, -2*g - n = n - p. What is the greatest common divisor of g and 180?
20
Let r(s) = -s**3 + 5*s**2 + 3*s + 26. Let b = -147 - -153. Let j be r(b). Calculate the highest common divisor of 38 and j.
2
Suppose -i = 4*q - 25972, -9*q = -2*i + 7521 + 44355. Calculate the greatest common factor of i and 504.
252
Suppose 23 + 25 = 12*c. Let p(m) = 13*m - 22. Let t be p(c). Calculate the greatest common divisor of t and 15.
15
Suppose -359 = 2*c + 2*g - 891, -c + 268 = 2*g. What is the highest common factor of c and 110?
22
Suppose 3415 = 5*p + o, 4*p = 4*o + 37 + 2671. What is the highest common factor of 620 and p?
62
Suppose 10*x = -24*x + 8432. Let q(r) = r**2 - 2*r - 4. Let z be q(4). Let g be (3 + -1)*62/z. Calculate the greatest common factor of x and g.
31
Let a(t) = t**3 + 7*t**2 - 6*t - 19. Let g be a(-6). Calculate the greatest common factor of 2226 and g.
53
Let a be -3 + (216/21 - 2/7). Suppose 2*l = -0*l - 5*d + 15, a = 2*l - 3*d. What is the highest common factor of 5 and l?
5
Let o be (9 + (-17)/((-680)/(-390)))/((-4)/272). Let g = 14 - 33. Let t = -2 - g. Calculate the highest common divisor of o and t.
17
Let o = 278 + -270. Let t(v) = v**2 - 8*v + 4. Let r be t(o). Calculate the highest common factor of r and 124.
4
Let n(a) be the first derivative of 10*a**2 + 26*a + 10. Let g be n(5). Let s = 24 - 10. What is the greatest common divisor of s and g?
14
Suppose -2*t + 98 + 134 = -2*a, 4*t - 479 = a. Calculate the highest common divisor of 88 and t.
11
Let o = -2946 - -2946. Suppose 3*w - w - 18 = 0. Let c = o + w. Calculate the highest common factor of c and 1.
1
Let s(g) = g**3 - 8*g**2 - 9*g - 20. Let f be s(11). Let m = -123 + f. Calculate the greatest common factor of 33 and m.
11
Let v be 28/(-16)*-4 - 0. Calculate the greatest common factor of v and 43.
1
Let j(i) = -7*i**3 + 13*i**2 + 44*i + 6. Let n be j(-13). Calculate the highest common divisor of n and 63.
63
Let j(z) = -z**3 - 3*z**2 + 2*z - 3. Let o be j(-4). Let u be 46 - o/5*-6. Calculate the highest common divisor of u and 8.
4
Let h be (-9)/((-14568)/(-972) - 15). Calculate the highest common divisor of 1863 and h.
81
Let t = -105125 + 105131. Suppose -2*x + 219 + 225 = 0. Calculate the greatest common divisor of x and t.
6
Let k be 1 - (1 - 359)/((-6)/9). Let f = k + 736. What is the greatest common factor of 4 and f?
4
Let o be (3 + (-1)/(-3))*(5 + -2). Let m = o + -25. Let q be (-10)/m - 183/(-9). Calculate the greatest common divisor of q and 168.
21
Let t(v) = 15*v**2 - 3. Let a be t(3). Suppose -12701 = -8*p - 11293. What is the highest common divisor of p and a?
44
Let q(i) = -171*i**3 - i - 1. Let a be q(-1). Let h be ((-57)/(-9))/(41/123). What is the highest common factor of a and h?
19
Let h = 28205 + -27805. Calculate the highest common factor of 2500 and h.
100
Let u(y) = 10*y**2 - 8*y + 11. Let p be u(3). Let o = p - -35. Let r be 3/(-6)*2*-16. What is the greatest common factor of r and o?
16
Suppose 4*x - 2*x + 102 = 0. Let g = -51 - x. Suppose 3*i - 15 = g, -2*i - 420 = -4*h + 2*i. Calculate the greatest common divisor of 10 and h.
10
Suppose -4*c + 5669 = -4827. Calculate the highest common divisor of 64 and c.
64
Let c(h) = 3*h**3 - 5*h**2 - 2*h + 14. Let k be c(3). What is the greatest common factor of 363 and k?
11
Let l be 67 + (-27)/((-108)/52). Calculate the highest common divisor of 3460 and l.
20
Suppose -7846 = -5*t + 3*f, 0 = 3*t + 48*f - 49*f - 4706. Calculate the greatest common factor of 672 and t.
224
Let q(v) = -4*v**2 - 14*v + 19. Let x be q(2). Let p be 18 + 9 + x + 8. Calculate the greatest common divisor of 110 and p.
10
Let d = -71 - 8. Let o = -72 - d. Let h = 150 - o. What is the greatest common divisor of h and 13?
13
Let z be 4 - (-4 - (-1 + -1 + -2)). Suppose 426 = 4*p + 4*k + 54, z*k = 20. Suppose -16 = -16*v + 14*v. What is the highest common divisor of v and p?
8
Let j = 35 - 13. Let u(g) = -9*g - 2 - 15*g**2 + 16*g**2 + 14. Let r be u(10). Calculate the highest common factor of j and r.
22
Suppose 0 = -5*o + 2*s + 257, -2*o - s = -5*s - 90. Let w = -28 + o. Calculate the greatest common factor o